of 105003851?
31, 1049, 3229
What are the prime factors of 464947882?
2, 7, 251, 132313
What are the prime factors of 235302974?
2, 59, 1994093
List the prime factors of 2282305162.
2, 29, 39350089
What are the prime factors of 24537541?
7, 3505363
What are the prime factors of 50619135?
3, 5, 7, 19, 25373
What are the prime factors of 506399066?
2, 253199533
What are the prime factors of 90939870?
2, 3, 5, 7, 144349
List the prime factors of 1714211852.
2, 3739, 114617
List the prime factors of 1539381622.
2, 547, 1407113
List the prime factors of 427499820.
2, 3, 5, 11, 215909
What are the prime factors of 32356696?
2, 19, 212873
List the prime factors of 376396253.
727, 517739
List the prime factors of 388607138.
2, 194303569
What are the prime factors of 82015196?
2, 1153, 17783
What are the prime factors of 3641294935?
5, 8647, 84221
What are the prime factors of 136095226?
2, 107, 635959
List the prime factors of 1196369054.
2, 179, 3341813
What are the prime factors of 249526282?
2, 124763141
List the prime factors of 5569706756.
2, 2803, 496763
What are the prime factors of 512934136?
2, 11, 13, 29, 15461
List the prime factors of 1626216010.
2, 5, 89, 1827209
List the prime factors of 590751556.
2, 103, 13921
List the prime factors of 48821694.
2, 3, 67, 121447
What are the prime factors of 1867110687?
3, 13, 31, 37, 13913
List the prime factors of 3750107850.
2, 3, 5, 59, 137, 1031
What are the prime factors of 3370819522?
2, 7, 127, 1171, 1619
List the prime factors of 43724201.
43724201
What are the prime factors of 1502178958?
2, 7, 107298497
What are the prime factors of 53673965?
5, 797, 13469
What are the prime factors of 41676593?
7, 5953799
What are the prime factors of 68783248?
2, 23, 311, 601
What are the prime factors of 352119666?
2, 3, 19, 107, 28867
List the prime factors of 2256622.
2, 23, 49057
List the prime factors of 1893192410.
2, 5, 269, 703789
List the prime factors of 180394395.
3, 5, 17, 707429
What are the prime factors of 1501827285?
3, 5, 7, 14303117
List the prime factors of 157072957.
23, 6829259
What are the prime factors of 657405?
3, 5, 7, 2087
What are the prime factors of 483557587?
9127, 52981
List the prime factors of 140915625.
3, 5, 15031
List the prime factors of 22216120.
2, 5, 397, 1399
List the prime factors of 970563156.
2, 3, 83, 89, 10949
What are the prime factors of 70397267?
70397267
List the prime factors of 6149481.
3, 13, 157679
List the prime factors of 2818533838.
2, 29, 48595411
List the prime factors of 1235847026.
2, 67, 9222739
What are the prime factors of 135369448?
2, 29, 73, 7993
List the prime factors of 106845794.
2, 11, 113, 42979
What are the prime factors of 4590101445?
3, 5, 306006763
List the prime factors of 70046998.
2, 7, 97, 51581
What are the prime factors of 87306168?
2, 3, 31, 43, 2729
What are the prime factors of 4008722124?
2, 3, 11, 937, 32411
What are the prime factors of 385525734?
2, 3, 11, 31, 61, 3089
What are the prime factors of 134394430?
2, 5, 83, 161921
List the prime factors of 24660492.
2, 3, 2055041
List the prime factors of 1006250454.
2, 3, 11, 41, 123953
What are the prime factors of 2767929216?
2, 3, 13, 191, 2903
What are the prime factors of 153512206?
2, 211, 363773
List the prime factors of 44521603.
7, 2063, 3083
List the prime factors of 70615891.
70615891
What are the prime factors of 91362401?
13, 43, 353, 463
List the prime factors of 105814181.
11, 9619471
What are the prime factors of 377292453?
3, 47, 2675833
List the prime factors of 2667955430.
2, 5, 7, 5444807
What are the prime factors of 230390058?
2, 3, 149, 257707
List the prime factors of 692497334.
2, 1021, 339127
What are the prime factors of 480761936?
2, 30047621
What are the prime factors of 879160258?
2, 439580129
List the prime factors of 101513542.
2, 13, 19, 205493
What are the prime factors of 1120153947?
3, 11, 37, 917407
List the prime factors of 20063567.
23, 131, 6659
List the prime factors of 2217341415.
3, 5, 6247, 23663
What are the prime factors of 199708126?
2, 19, 23, 83, 2753
List the prime factors of 3019273863.
3, 67, 439, 34217
List the prime factors of 2770837142.
2, 1385418571
List the prime factors of 12295843.
7, 1756549
What are the prime factors of 630150569?
1093, 576533
List the prime factors of 80191656.
2, 3, 1113773
What are the prime factors of 4390783146?
2, 3, 31, 47, 55807
List the prime factors of 2188240096.
2, 7, 1931, 5059
List the prime factors of 2424170597.
2424170597
List the prime factors of 396707466.
2, 3, 66117911
What are the prime factors of 1350913786?
2, 23, 29, 1012679
List the prime factors of 156755266.
2, 17, 29, 158981
List the prime factors of 1193404845.
3, 5, 17, 37, 126487
What are the prime factors of 98887458?
2, 3, 31, 37, 14369
What are the prime factors of 3009007816?
2, 376125977
List the prime factors of 821157242.
2, 449, 914429
What are the prime factors of 4074412072?
2, 29, 73, 113, 2129
What are the prime factors of 459427083?
3, 101, 1516261
List the prime factors of 3858474885.
3, 5, 37, 6952207
List the prime factors of 73481295.
3, 5, 4898753
What are the prime factors of 1003270663?
67, 127, 157, 751
What are the prime factors of 5898073?
557, 10589
What are the prime factors of 1816061164?
2, 79, 5747029
List the prime factors of 446031241.
73, 181, 33757
What are the prime factors of 362148500?
2, 5, 7, 103471
What are the prime factors of 381120096?
2, 3, 7, 567143
List the prime factors of 28928006.
2, 37, 223, 1753
What are the prime factors of 702752513?
61, 131, 87943
What are the prime factors of 147225742?
2, 71, 139, 7459
What are the prime factors of 5013096927?
3, 1671032309
List the prime factors of 42991846.
2, 2843, 7561
List the prime factors of 42629040.
2, 3, 5, 59207
List the prime factors of 63862363.
19, 3361177
What are the prime factors of 118558797?
3, 7, 5645657
What are the prime factors of 57166195?
5, 317, 36067
List the prime factors of 81043710.
2, 3, 5, 11, 245587
List the prime factors of 36236013.
3, 11, 47, 61, 383
List the prime factors of 2204709554.
2, 1102354777
What are the prime factors of 1284407799?
3, 428135933
List the prime factors of 882260732.
2, 220565183
What are the prime factors of 8442041773?
11, 767458343
List the prime factors of 32451774.
2, 3, 139, 167, 233
What are the prime factors of 232997938?
2, 116498969
List the prime factors of 427061266.
2, 213530633
List the prime factors of 3375213136.
2, 107, 1971503
List the prime factors of 2486432.
2, 13, 43, 139
What are the prime factors of 21635427?
3, 11, 31, 21149
What are the prime factors of 3323172513?
3, 89, 647, 19237
What are the prime factors of 141161257?
47, 3003431
List the prime factors of 66651724.
2, 179, 93089
What are the prime factors of 4737321844?
2, 1184330461
List the prime factors of 101687323.
389, 261407
What are the prime factors of 764777832?
2, 3, 7, 13, 241, 1453
What are the prime factors of 21319657?
2843, 7499
List the prime factors of 37510802.
2, 7, 113, 131, 181
What are the prime factors of 203428591?
29, 1213, 5783
What are the prime factors of 282457618?
2, 17, 23, 21247
List the prime factors of 4440257402.
2, 7, 19, 125509
List the prime factors of 130272560.
2, 5, 11, 37, 4001
List the prime factors of 120980482.
2, 7, 1987, 4349
What are the prime factors of 347894032?
2, 251, 86627
What are the prime factors of 2177761665?
3, 5, 19, 313, 24413
List the prime factors of 37818424.
2, 7, 619, 1091
List the prime factors of 48002539.
13, 31, 311, 383
List the prime factors of 220940008.
2, 89, 227, 1367
List the prime factors of 160765931.
199, 807869
What are the prime factors of 43850690?
2, 5, 13, 337313
List the prime factors of 882192773.
7, 11, 43, 47, 5669
List the prime factors of 760124096.
2, 79, 149, 1009
List the prime factors of 4487316711.
3, 29, 51578353
List the prime factors of 100188146.
2, 50094073
List the prime factors of 203869646.
2, 101934823
List the prime factors of 72881395.
5, 41, 355519
List the prime factors of 38669158.
2, 11, 107, 16427
What are the prime factors of 51313302?
2, 3, 37, 77047
What are the prime factors of 2617568?
2, 81799
What are the prime factors of 10842684?
2, 3, 31, 29147
What are the pr